nder when g is divided by 19?
7
Suppose -3*g + 3 = i + 1, 3*i - 19 = 4*g. Suppose 397 = i*a + 3*r, -6 = -5*r + 14. Let j = 4 - -4. What is the remainder when a is divided by j?
5
Let s = 34 - 31. Let f = s - -12. Suppose 9*j = f*j - 132. Calculate the remainder when 64 is divided by j.
20
Let m(k) = 307*k**3 - 2*k**2 + 3*k. Let s = 508 + -430. Calculate the remainder when m(1) is divided by s.
74
Let s be 103 - 1 - ((-6)/3 + 4). Let w = -79 + s. Suppose 0 = -3*y + w - 6. Calculate the remainder when 63 is divided by y.
3
Suppose -y = 0, 2*y + 16 = 4*g - 88. Suppose -b = 5*z - 57, -4*b = 4*z - 28 - 8. What is the remainder when g is divided by z?
2
Suppose -67*v + 40 = -63*v. Calculate the remainder when 281 is divided by v.
1
Let u(s) = 2*s**3 + 15*s**2 - 17*s - 56. What is the remainder when 541 is divided by u(-8)?
13
Let q(j) = j**3 + 14*j**2 - 18*j - 36. What is the remainder when q(8) is divided by 398?
34
Suppose -380 = 75*v - 94*v. What is the remainder when 2317 is divided by v?
17
Suppose 5*l - 12*l = 4*o - 1011, 4*o + 117 = l. What is the remainder when 329 is divided by l?
47
Suppose -4 = q + 3*g - 81, -2*g = -q + 47. What is the remainder when q is divided by 39?
20
Let d = -5969 + 6379. Calculate the remainder when d is divided by 86.
66
Let p(g) = -450*g + 6808. What is the remainder when 284 is divided by p(15)?
52
Let r be 2/(12/3 + -2). Let v be (0/(-3))/(r/(-1)). Let z(w) = w + 6. What is the remainder when 16 is divided by z(v)?
4
Let a(l) = 90*l**2 + 19*l - 50. What is the remainder when a(4) is divided by 148?
134
Let c(k) = -k**3 - 9*k**2 - 3*k + 79. Let v be c(-7). Calculate the remainder when 316 is divided by 55 - 2/(6/12*v).
51
Let p = 2414 + -2206. Calculate the remainder when p is divided by 104.
0
Suppose -2*l + 559 = g, 0 = -4*l + 2*g + 2403 - 1265. What is the remainder when l is divided by 39?
9
Let t(o) = -38*o**2 - 304*o + 28. What is the remainder when t(-8) is divided by 6?
4
Let q(k) = -3*k - 3. Let o be q(3). Let i = o + 20. Suppose -4*d - 32*l + 88 = -36*l, 3*l = 5*d - 112. Calculate the remainder when d is divided by i.
7
Suppose 65*p - 5940 = 1013 + 4877. Let l = 13 - 9. Suppose -3*w = -d - 6*w + 76, l*d = -3*w + 259. Calculate the remainder when p is divided by d.
60
Suppose 6*v - 1349 = 301. Suppose -3*n + v = -259. Calculate the remainder when n is divided by 36.
34
Let z be 5 + 1/(-1) + 2. What is the remainder when 38 is divided by 7/z*(20 - 14)?
3
Let s = -126 - -135. Suppose 2*v + 19 = 2*k + v, k = -2*v - 3. Suppose 0 = -0*i + k*i - 98. What is the remainder when i is divided by s?
5
Suppose 60 = 3*k - 2*l, -3*k + l = -1389 + 1323. Calculate the remainder when 79 is divided by k.
7
Let r = 2073 + -1923. Calculate the remainder when 2096 is divided by r.
146
Suppose 3*x - 3*l + 255 = 0, 5*l - 231 = 2*x - 49. Calculate the remainder when (-3)/(-3) - -1 - x is divided by 25.
8
Let f(x) be the first derivative of -10 - 4*x**2 + 35 + 8*x - 46*x. Calculate the remainder when f(-6) is divided by 10.
0
Let b(l) be the second derivative of l**4/12 - 3*l**3/2 + 5*l**2 + 23*l. Let s be b(8). Suppose -2 = s*c - 14. What is the remainder when 32 is divided by c?
2
Let k = 3986 - 3904. Calculate the remainder when 340 is divided by k.
12
What is the remainder when ((4719/(-26))/(-33))/(-4 - (-14290)/3572) is divided by 131?
129
Let b be 3 + -2 + -1*(2 - 9). Suppose -4 = b*q - 20. Suppose 3*y = 2*d - 85, 0*d - q*y = -4*d + 190. Calculate the remainder when d is divided by 14.
8
Let a = 76 - -190. Suppose -17*q = -10*q - a. Calculate the remainder when 527 is divided by q.
33
Suppose 152 + 52 = -103*u + 115*u. Let l(c) = -c**3 - 9*c**2 + 9*c - 4. What is the remainder when u is divided by l(-10)?
5
Let h = 777 - 751. Let i(q) = -q**2 + 23*q + 90. Let f = 26 - 7. What is the remainder when f is divided by i(h)?
7
Let d(a) = -a**3 - a**2 - 13*a - 78. Let q(r) = -65*r**3 - 2*r**2 - r. Calculate the remainder when q(-1) is divided by d(-4).
20
Let t = 2700 + 1332. Suppose -t = -16*j - 8*j. What is the remainder when j is divided by 29?
23
Suppose -66*p - 1335 = -61*p. Let d = p + 342. What is the remainder when d is divided by 12?
3
Let g(m) be the third derivative of m**4/8 - 16*m**3/3 - 41*m**2. Calculate the remainder when 54 is divided by g(15).
2
Suppose -4*z = -102 + 22. What is the remainder when (-13 - -9) + 2 + 1 + 77 is divided by z?
16
Suppose -6*p - 3*p = 54*p - 128520. Calculate the remainder when p is divided by 64.
56
Let n(j) = -9*j - 38. Suppose 2*p - 7 + 21 = 0. Calculate the remainder when 189 is divided by n(p).
14
Suppose 4*w + 5*u = 24, -2*w - 3*u + 11 = -1. Suppose 0 = -33*t + 32*t - w. Let d = t + 117. Calculate the remainder when d is divided by 28.
27
Let l(q) = 5*q**2 - 13*q - 9. Let z = 39 + -34. Suppose 4*s - 185 = -3*b, 4*b - 49 = -z*s + 196. Calculate the remainder when b is divided by l(4).
17
Let b = 3981 + -3893. Let x be (63/(-6))/(3/(-8)). Calculate the remainder when b is divided by 186/14 - 8/x.
10
Let a(x) = x**3 + 18*x**2 - 20*x - 19. Let s be a(-19). Suppose -2*u - 4 + 46 = s. Calculate the remainder when 80 is divided by u.
17
Suppose 0 = 27*k - 4872 + 444. Let q = 185 - k. What is the remainder when 38 is divided by q?
17
Let c = -58 - -42. Let m be (-8)/c - (234/(-4))/(-1). Let v = 181 + m. What is the remainder when v is divided by 18?
15
Calculate the remainder when 16 is divided by 1 - (12 - (9 + 16)).
2
Let c(u) = 6*u - 7. Let l(h) = -35*h**2 - 3*h + 1 + 4*h + 126*h**2. What is the remainder when l(-1) is divided by c(5)?
22
Suppose 108 = -1424*k + 1433*k. Calculate the remainder when 1246 is divided by k.
10
Let s = 16527 + -15925. Calculate the remainder when s is divided by 581.
21
Calculate the remainder when 64 is divided by ((-221)/(-26))/(5 + (-36)/8).
13
Suppose 7*p = 9*p - 32. Suppose 1210 = -105*u - 1239 + 18304. What is the remainder when u is divided by p?
7
Suppose 6*u = -u + 315. Let h be (-48)/10*3/(u/(-50)). Calculate the remainder when 65 is divided by h/(-6)*(-462)/56.
21
Suppose 5*t - 275 = 405. Suppose 3*x = 24, x = -5*y + 126 + 107. Calculate the remainder when t is divided by y.
1
Suppose -3*n - 44 = -2*c, 2*c = -n - 3*n + 16. Suppose 0 = -r + 6*v - 4*v + c, 0 = -5*r + v + 107. What is the remainder when 70 is divided by r?
4
Let l(b) = -117*b**3 - b**2 + b + 1. Let z = 458 + -456. Suppose -4*i - 2*x = -90, z*i - 5 = -2*x + 37. What is the remainder when l(-1) is divided by i?
20
Let c = -4890 + 14057. Calculate the remainder when c is divided by 35.
32
Suppose 0 = 5*m - 43 - 62. Let p = 14738 - 14640. What is the remainder when p is divided by m?
14
Let w = 34 + -42. Let i(g) be the second derivative of g**5/20 + 7*g**4/12 - 11*g**3/6 + 2*g**2 - 52*g. What is the remainder when i(w) is divided by 7?
0
Let m = -67066 + 67106. Let f(g) = 2*g. Let a be f(1). Suppose -a*s + 3*s = 79. What is the remainder when s is divided by m?
39
Let t = -12974 + 12998. Let h(c) = 3*c - 1. Calculate the remainder when t is divided by h(2).
4
Suppose -8*v + 239 + 337 = 0. What is the remainder when 106 is divided by v?
34
Suppose -2*w + 0*w = -4. Let y = w + 5. Let m(c) = -4*c**3 - 176*c**2 - 3*c - 98. Calculate the remainder when m(-44) is divided by y.
6
Let m(x) = 4*x**3 - 13*x + 25. Let k be m(6). Let t = k + -671. What is the remainder when t is divided by 33?
8
Calculate the remainder when 4688 is divided by -7 - (31 + -3)*(648/(-32) - -8).
320
Suppose -16*o - 32 = -12*o. Let g = 12 + o. Calculate the remainder when 31 is divided by (g - 5)/(2/(-14)).
3
Suppose -1 = -2*p + 3. Suppose 3*g + p*g + 15 = 0, -5*g + 25 = -5*h. Let j(u) = -u**3 - 7*u**2 + 3*u - 2. What is the remainder when j(h) is divided by 17?
4
Let h(x) = -x**3 - 12*x**2 - 7*x - 63. Let q be h(-12). Suppose -t + q*t - 620 = 0. Calculate the remainder when 121 is divided by t.
28
Suppose -28*m + 1021 = 397 - 440. Calculate the remainder when 6950 is divided by m.
34
Let y(f) = -f**3 - 47*f**2 - 183*f + 67. Calculate the remainder when y(-43) is divided by 182.
176
Let g(n) = -2*n**2 + 10*n + 23. Let o be g(-5). Let i = -33 + 59. What is the remainder when 2/(-1) - -2 - o is divided by i?
25
Let g = -90 - -104. Let h(d) = -d**3 - 21*d**2 + 43*d - 22. What is the remainder when h(-23) is divide